mmon factor of o and 4.
4
Let b = 248 + -203. Let j be -1 - 5/(25/(-95)). What is the greatest common divisor of b and j?
9
Let r be 1 - -4 - 60/4. Let p be (-32)/(-3) + r/15. What is the greatest common factor of p and 90?
10
Let a be (-1)/(-3) + 172/6. Let g = a + -17. Let f = 25025 - 24977. Calculate the greatest common divisor of f and g.
12
Let n = -94 - -133. What is the highest common divisor of n and 663?
39
Let y be 2 + (-4)/(-4) + 16. Let i be (7 + -3 - -75) + -3. Calculate the highest common factor of y and i.
19
Let i be 66 + -78 - (-176 - 1). Let q = -17 - -32. Calculate the greatest common divisor of i and q.
15
Suppose 1347 = -5*q - 313. Let i be q/(-36) + 6/(-27). Calculate the greatest common divisor of 9 and i.
9
Let y = 71 + -48. Calculate the greatest common divisor of y and 23.
23
Suppose 0 = -4*x + 2*x + 32. Let h = 61 + -28. Suppose -31 = -4*l + h. What is the greatest common factor of l and x?
16
Suppose 0 = -4*r + 1838 + 34. Suppose 10*u - 102 = r. What is the highest common divisor of u and 38?
19
Let j(k) = -k**3 + 4*k**2 + k - 3. Let v be j(4). Suppose -3*s = 18, 24 = 5*n - 2*s + 2. Calculate the highest common factor of n and v.
1
Suppose 5*z - c - 245 = 0, 0 = -12*z + 9*z + 5*c + 125. What is the highest common divisor of z and 2?
2
Suppose 6*u - 8*u + 4*t + 26 = 0, 0 = -u + t + 12. Suppose -14 + 190 = 2*c. Calculate the highest common divisor of u and c.
11
Suppose 0 = -45*x + 29*x + 928. Calculate the highest common divisor of 87 and x.
29
Suppose 3*u - 2*t - 21 = 0, -3*u + 23 = 4*t + 20. What is the highest common factor of u and 85?
5
Let d be (4 - -10)*(425/10)/5. What is the greatest common divisor of 7 and d?
7
Let p be -10*-18*2/8. Let c(s) = s**3 + 13*s**2 + 12*s + 1. Let j be c(-11). Let q = j - p. Calculate the greatest common factor of 44 and q.
22
Let n be 1123/9 - 1/18*-4. What is the greatest common divisor of n and 50?
25
Suppose -2*o + l = -4*o + 84, 5*l = 20. Suppose 0 = -6*x + 2*x + 96. Let j = o - x. What is the greatest common divisor of j and 40?
8
Let j be 978/4 + 40/80. Calculate the greatest common factor of 49 and j.
49
Let i be (5 - (-14532)/32) + (-1)/8. Calculate the highest common factor of i and 27.
27
Let m be 12*(-9)/6 - -3. Let u(v) = -9*v + 6. Let f be u(-5). Let l = f - m. What is the highest common divisor of 6 and l?
6
Let x(o) = -2*o**3 + 54*o**2 + 2*o + 34. Let v be x(27). Calculate the greatest common divisor of 110 and v.
22
Suppose 5*g - h + 2 = 6*g, 4*h + 41 = 3*g. What is the highest common divisor of g and 1232?
7
Suppose 795 = -6*b + 2619. Calculate the highest common factor of 19 and b.
19
Let x(i) = i**3 + 5*i**2 + 6*i + 12. Let q be x(-6). Let n = q + 125. What is the greatest common divisor of n and 5?
5
Let i = -69 + 104. Calculate the greatest common divisor of 35 and i.
35
Suppose 4 = -2*r + 12. Suppose 0 = r*s + s - 240. Calculate the highest common factor of s and 12.
12
Suppose 79872 = 35*g + 29*g. Calculate the greatest common divisor of 26 and g.
26
Let o = 9 + -49. Let i = o + 128. What is the greatest common divisor of 8 and i?
8
Let r be -6*(156/(-4) - 5). What is the highest common factor of r and 44?
44
Let g(w) = 20*w**2 + 22*w**2 + w - 41*w**2 - 19. Let d be g(7). What is the greatest common divisor of d and 333?
37
Suppose -12 - 24 = -3*w. Let x = 407 + -395. Calculate the greatest common factor of x and w.
12
Suppose -24 = -a + 3*d, -2*d + 39 = 3*a - 0*d. Suppose 3*i - 4*i - 5 = l, 25 = -5*l - 2*i. Let c = a - l. Calculate the highest common divisor of 50 and c.
10
Let i(h) = 11*h - 10. Let k be i(1). Let w = 5 - 0. Let r be (1 - (w - -1))*-1. What is the greatest common factor of k and r?
1
Let x be 7*(1 - -1) + -3. Suppose -x = -2*c + 5. Calculate the greatest common divisor of 4 and c.
4
Let s(f) = 17*f**3 + 2*f**2 - 3*f + 3. Let h be s(2). Let x be h/15 + (-4)/10. Let k be (-51)/x*15/(-5). Calculate the greatest common factor of 68 and k.
17
Let z be (-4 + 184)*(13 - 12). What is the highest common factor of 20 and z?
20
Let n(d) = d**2 + 14*d - 9. Let y be n(-13). Let i = y + 34. Let g = i + -7. Calculate the highest common divisor of 1 and g.
1
Let w be ((-40)/(-50))/(10/2025). What is the highest common factor of 6 and w?
6
Suppose 3*y - 28 = -5*g, 6*g = y + 9*g - 12. Calculate the highest common divisor of 48 and y.
6
Suppose -29*p = -19*p - 40. Let t = 4 + -2. Suppose 0 = 5*v - 3*c - 723, -t*v + p*c + 131 = -v. Calculate the highest common factor of v and 21.
21
Let h(k) = 98*k**2 + k + 1. Let a be h(-1). Let j = a + -77. What is the greatest common divisor of j and 63?
21
Suppose 4*r = 3*r + 15. Suppose 19*z = r*z + 108. Calculate the greatest common divisor of z and 189.
27
Suppose 14 = 4*v + 4*f - 30, -5*v = 3*f - 53. Suppose v - 2 = 4*h. Calculate the highest common factor of h and 10.
2
Let j be 0/(-2) + 80/2. Let l be j*1 + (1 + 1 - 6). What is the greatest common factor of 27 and l?
9
Suppose 8*l - 10 = 126. Suppose -4*r - 9 = 15. Let x(m) = 3*m**2 - m + 5. Let w be x(r). Calculate the highest common divisor of w and l.
17
Suppose 4*c - 30 = 294. Let b = c - 55. What is the highest common factor of 65 and b?
13
Let k be (-42)/9*(-6)/4. Suppose -11*x = -k*x - 16. Suppose -4*f + 36 - x = 0. What is the greatest common factor of f and 88?
8
Suppose 0 = -2*a - 2*a + 4. Suppose -4 = -z, -2*s - 4*z + 24 = z. What is the greatest common factor of a and s?
1
Suppose 428*g + 5940 = 439*g. What is the greatest common factor of 108 and g?
108
Let j(g) = g**3 - 32*g**2 - 25*g - 228. Let u be j(33). Calculate the highest common divisor of u and 3564.
36
Let r(v) = v**2 + 2*v - 3. Let i be r(4). Suppose -u + 0 = -i. Suppose 5*o = 4*q + 545, -359 + 49 = -3*o - q. What is the greatest common factor of u and o?
21
Let z be 30/25*(0 - -10). What is the greatest common factor of 156 and z?
12
Let g = 15 - 6. Let c(m) = -163*m - 649. Let v be c(-4). Calculate the greatest common divisor of g and v.
3
Suppose -2*w + 2*s = -0*s + 34, 0 = s + 2. Let b = 23 + w. Suppose b*i = 204 - 12. What is the highest common factor of i and 32?
16
Suppose -w + 3*w - 40 = 0. Let v be w*1/(20/32). Calculate the greatest common factor of v and 128.
32
Let i(n) = 11*n + 30. Let a be i(8). Let p be (a/(-8) + 1)/(44/(-880)). Calculate the highest common factor of p and 55.
55
Let g be ((-48)/36)/(2/(-66)). Calculate the greatest common divisor of g and 22.
22
Suppose -4*l + 27 = w, 0 = 2*w + l + 18 - 72. Calculate the greatest common divisor of w and 315.
9
Suppose -13*m = -10*m. Let f be m*(-4 - -1 - -4). Let k(t) = t**2 - t + 33. Let n be k(f). Calculate the greatest common factor of 297 and n.
33
Suppose -20 = 19*f - 24*f. Suppose -f*y - 77 = -5*x, -3*x + 7*x + 4*y - 40 = 0. Let z be ((-234)/4)/(2/(-4)). Calculate the highest common factor of z and x.
13
Let c = -27 - -30. Let i be (205/20 + -5)/(c/8). What is the highest common divisor of 35 and i?
7
Suppose -7*h = -3*h - 5*j - 92, 10 = h + 2*j. Calculate the highest common factor of 144 and h.
18
Let a be 2/(-5) + 278/(-5). Let i be (-3*(-9)/12)/((-21)/a). Calculate the greatest common divisor of i and 12.
6
Let t = 81 + -85. Let o be 6120/119 - t/7. Calculate the highest common factor of 39 and o.
13
Suppose -2*b + 59 = -157. Calculate the highest common divisor of 81 and b.
27
Let b be (-486)/(-7) - (-24)/42. Let r(p) = -12*p - 2. Let k be r(-1). What is the highest common factor of k and b?
10
Let s be (13 + 244/(-20))*(212 - 2). What is the highest common factor of 756 and s?
84
Let m = 80 + 118. What is the greatest common factor of m and 88?
22
Let a be 0/(2 + -4) + 2. Suppose -o = t + a*t - 62, -o - 48 = -2*t. Let q = -18 - -20. Calculate the greatest common divisor of q and t.
2
Let n(c) = 4*c**2 - 11*c + 9. Let y be n(8). Calculate the highest common divisor of y and 118.
59
Let o(w) = -w**3 - 21*w**2 + 21*w + 4. Let k be o(-22). What is the greatest common divisor of 6 and k?
2
Suppose 5*t = 3*g - 220, 2*g - t - t - 148 = 0. What is the greatest common divisor of 600 and g?
75
Let i(l) = -14*l - 347. Let g be i(-25). Suppose 2 = q - 10. What is the greatest common divisor of q and g?
3
Let v(m) = -23*m**2 + 8*m**2 - 5 + 2*m - m**3 + 3*m + 17*m**2. Let b be v(2). What is the greatest common factor of 40 a